 - t**7/630 + t**6/180 - t**5/40 - t**4/8 + 3*t**2. Let p(y) be the second derivative of h(y). Give p(2).
5
Let q(z) = 1. Let c(j) = -2*j**2 + 3*j - 6. Let p(h) = c(h) + 6*q(h). Determine p(2).
-2
Let r(g) be the second derivative of -g**5/20 - g**4/2 - g**3/6 + 7*g**2/2 - 65*g. Determine r(-6).
13
Let k(f) = -f**3 + 10*f**2 + f + 9. Let o(w) = 2*w**3 - 21*w**2 - w - 18. Let m(d) = -9*k(d) - 4*o(d). Determine m(7).
5
Suppose 8*c = c - 42. Let i(f) = f + 4. What is i(c)?
-2
Let s = 10 + -6. Let n(a) be the third derivative of -a**5/60 + a**4/8 + a**3/2 + 8*a**2. Determine n(s).
-1
Let s = -4 + 2. Let r(m) = 3*m - 3*m**2 - 2*m + 2 + 4*m**2. Calculate r(s).
4
Let v(z) = -z**3 + 7*z**2 - 6*z + 7. Suppose -3*y - y - 42 = -5*m, 0 = 5*m - 5*y - 45. What is v(m)?
7
Let n be 2 + (-1 - 5)*1. Let p(r) = r**3 + 6*r**2 + 4. Let i be p(-6). Let o(x) = 6 - 2*x + 0*x + i*x. What is o(n)?
-2
Let f(k) = -k**3 + 5*k**2 + 6*k + 4. Suppose -5*v + 10 + 20 = 0. Determine f(v).
4
Let o(t) = -t**3 - 4*t**2 + 3*t + 1. Let s(g) = -4*g**3 - 16*g**2 + 13*g + 3. Let r(z) = 9*o(z) - 2*s(z). What is r(-4)?
-1
Let n = 7 + -6. Suppose 3*w = 6, -4*o + 1 = -5*w - n. Let k(b) = b - 1. Let y(c) = -3*c - 1. Let t(s) = 2*k(s) + y(s). Calculate t(o).
-6
Let x(m) = 2*m. Let f be x(1). Let i(r) = 4*r - 1 + 1 + 1 + r**f + r. Give i(-6).
7
Let z(y) = -y**3 + 4*y**2 - 2*y. Suppose 7*p - 22 = -3*k + 2*p, p = k - 2. Determine z(k).
-8
Let q(n) = n + 6. Let j(b) = -6 - b - 4 - 1. Let t(w) = 2*j(w) + 5*q(w). Give t(-6).
-10
Suppose 2*i = -1 + 9. Let w = i - 9. Let t(m) = 2*m**3 - 1 + 3*m**3 - 4*m**3 + 5*m**2. What is t(w)?
-1
Let j(q) = -5*q**2 + 6*q - 2. Let f(p) = -p. Let d(x) = 5*f(x) + j(x). Give d(2).
-20
Let h = 17 - 10. Let r = h + -4. Suppose -3*v + r = -0*v. Let a(k) = -k + 1. What is a(v)?
0
Suppose -3*d - 167 = -5*x, 3*d + 2*d = -5*x + 175. Suppose 3*r - 1 + x = 0. Let g = r + 10. Let q(v) = -6*v**3. Give q(g).
6
Let d(i) be the first derivative of -1/3*i**3 - 3 - 3/2*i**2 + 2*i + 1/4*i**4. Calculate d(3).
11
Let n(t) = 9 + 17*t**2 - 12*t**2 - 10*t**2 + 7*t - t**3. Let q = -1 + -5. Determine n(q).
3
Let g(a) = a**2 - a. Let f(y) = -8*y + 3. Let d(j) = f(j) - 2*g(j). What is d(-5)?
-17
Let v(f) = 3*f**2 - 5 + 3 - 4*f**2 - 7*f. Let n(o) = 2*o + 3. Let c be n(-3). Determine v(c).
10
Let v(b) = -b**3 - 6*b**2 + b + 7. Let h be -8 - 1*(-1 - 1). Give v(h).
1
Let p(k) be the first derivative of -2*k**2 + 3*k - 22. Determine p(-3).
15
Suppose 4*o + 3 = -3*m - 9, -2*m + 12 = -4*o. Let n(j) = j**3 + 2. Give n(m).
2
Let r be (-1 + 0)*-1 + -3. Let m(d) = d + 1. Let c(k) = 5*k + 5. Let l(v) = 2*c(v) - 9*m(v). Determine l(r).
-1
Let l(w) be the second derivative of -w**5/20 + 3*w**4/4 - 4*w**3/3 + w**2/2 - 33*w. What is l(8)?
1
Let o(m) = -m**2 - m + 1. Let c(k) = -3*k**2 + 2*k + 1. Let g(y) = -c(y) + 2*o(y). Give g(4).
1
Let d(k) = -3 + 0*k**3 + 3*k**2 - 2*k**2 + k**3. Suppose -2*s = -5*s - 5*m, 0 = 4*s + 5*m. Calculate d(s).
-3
Let t(l) = 0*l**2 + 2*l**2 - 3*l**2. Let b(c) be the second derivative of -c**5/10 - c**4/4 - c**3/2 - c**2/2 - 29*c. Let n(z) = b(z) + t(z). What is n(-2)?
5
Let h(y) be the first derivative of -y**4/4 - y**3/3 - 3*y**2/2 + 2*y - 49. Determine h(2).
-16
Let p(j) = -9*j + 6 - 8*j + 0 + 20*j. What is p(-4)?
-6
Let h(x) = -x**2 + x - 9. Let p(m) = m**2 + 11. Let s(r) = 4*h(r) + 3*p(r). Determine s(6).
-15
Suppose 0*o + 10 = -2*o. Let z(w) = w - 6. Let k be z(7). Let n(h) = h**2 - k - 3 + 0*h - 2 + 2*h. Calculate n(o).
9
Suppose 4 = -2*m + 16. Let v(f) = -m + 1 + f**3 - 4*f**2 + 3 - 3 - 4*f. Give v(5).
0
Let z(o) = o + 1. Let b(g) = -12*g - 4. Let s be b(-1). Calculate z(s).
9
Let a(t) = -t**3 + 7*t**2 + 7*t + 11. Let c be a(8). Let r(g) = 0*g**2 + g**3 - c*g + 3*g**2 + g - 2*g**2. What is r(2)?
8
Let l(v) = -17*v**2. Let d = 37 + -36. What is l(d)?
-17
Let u be (-2)/(-3) - (-140)/(-30). Let c be (u - -3)/(4/(-24)). Let t(m) = -m**3 + 7*m**2 - 7*m + 6. Calculate t(c).
0
Let h = -40 - -46. Let v(n) = -n - 1. Let t be v(-3). Let x(q) = -2 + 7*q - 3*q**3 + t*q**3 - 2*q**2 + 7*q**2. Calculate x(h).
4
Let t(m) be the third derivative of -m**5/20 - m**3/6 - 14*m**2 - 4. Let j = 2 - 1. Determine t(j).
-4
Let t(h) = -h + 1 + 12 + h**2 + 0*h. What is t(0)?
13
Let j = 69 + -75. Let a(o) = o - 4. Calculate a(j).
-10
Let g(i) = -i**2 - i + 3. Let r = -1 + 3. Suppose -p - p + 8 = -2*o, 0 = -p + r*o + 8. What is g(p)?
3
Let z(u) = 4*u**2 - 58 + 27 - u**3 - 3*u + 31. What is z(2)?
2
Suppose m + 2 = -h, 9*m - 4*h - 26 = 4*m. Let b(l) = -2 - m + 3*l + 1 + 2. Give b(1).
2
Let q = 4 + -7. Let k(f) be the second derivative of f**6/360 + 7*f**5/120 + f**4/8 + 7*f**3/6 - 8*f. Let s(a) be the second derivative of k(a). Determine s(q).
-9
Let v(k) be the second derivative of k**4/4 - 2*k**3/3 + 3*k**2/2 + 9*k. Give v(2).
7
Suppose -5 = -a - 0*a. Let q(s) = -s. Let f(w) = 0*w**2 - 5 - 4*w + w**2 + 3*w. Let r(x) = f(x) + 5*q(x). Calculate r(a).
-10
Let z(f) = -f**3 - 5*f**2 - 2*f + 4. Let p(b) = -b**3 + 14*b**2 - 14*b + 10. Let k be p(13). Give z(k).
-8
Let j(o) be the second derivative of -1/2*o**3 - 2*o + 1/12*o**4 + 2*o**2 + 0. Let h be j(3). Let a(p) = -p**3 + 4*p**2 + 2*p - 2. Give a(h).
6
Let c = 15 - 10. Suppose 4*x - c*x = -2. Let p(k) = 2*k**2 + k**2 - k**x - k**3. Determine p(2).
0
Let f(d) be the first derivative of -d**3/3 + d**2/2 - 3*d + 17. Suppose -2*l = -4*l. Give f(l).
-3
Suppose -5*q + 2*q = 0. Let o(v) = 2 + 1 + q - 2 + v. Calculate o(-4).
-3
Let m(l) be the third derivative of -l**4/8 - 4*l**3/3 + l**2. Calculate m(-6).
10
Let r(u) be the second derivative of u**5/20 - 3*u**4/4 + 4*u**3/3 - u**2/2 + 6*u. Calculate r(8).
-1
Let u(b) = b + 1. Let x be 182/8 + 2/8. Suppose 0 = -4*r - 5*n + x, 0*r - 3*n = 3*r - 15. Determine u(r).
3
Let o(x) be the first derivative of -x**2 + 4*x - 45. Determine o(6).
-8
Let s(p) be the first derivative of p**2 + 3*p - 6. Calculate s(-7).
-11
Let m(b) = -2*b + 5 - 9 + 5 + 10. Calculate m(8).
-5
Suppose 3*a - 9 = 6. Suppose -a*q + 16 = 6. Let i(f) = 3*f + 1. Calculate i(q).
7
Let i = 0 - 0. Let s(b) = -1 - 4*b**2 + i*b**3 + 2*b**3 + b - b**3. Determine s(2).
-7
Let b(u) be the second derivative of -u**5/20 - u**4/2 - u**3/3 + 5*u**2/2 - 156*u. Let r = -3 + -2. What is b(r)?
-10
Let p be -10*(21/(-6) - -3). Let s(c) be the second derivative of -c**6/720 - c**5/24 - c**4/6 + c. Let f(m) be the third derivative of s(m). What is f(p)?
-10
Let y = -4 - -3. Let z(f) = f**2 + f. Let t(p) be the third derivative of p**5/15 + p**4/12 - p**3/6 + p**2. Let v(m) = t(m) - 2*z(m). Give v(y).
1
Let w(j) = j**2 - 6*j + 1. Let x be w(6). Let d(k) = 14*k**2 + k. Calculate d(x).
15
Let f(s) = -9*s + 1. Let c(y) = y - 1. Let m be 0*(3 + -6)/(-6). Let h be c(m). Give f(h).
10
Let u be 3/2*(4/(-6) + 1). Let s(i) be the second derivative of i + 0 + u*i**2 + i**3. Calculate s(1).
7
Let b be (-18)/(-117) + (-193)/(-13). Let s = b - 13. Let t(m) = 6*m - 2. Determine t(s).
10
Let q = -1 - -1. Let r(n) be the third derivative of n**7/5040 - n**6/180 + n**5/30 + 3*n**2. Let x(w) be the third derivative of r(w). Determine x(q).
-4
Let f be (-1 - -2)/((-3)/15). Let t(d) = d**3 + 4*d**2 - 6*d - 6. Let s(y) = -2*y**3 - 8*y**2 + 11*y + 12. Let b(w) = -2*s(w) - 5*t(w). Calculate b(f).
-9
Let o(g) = 2*g - 1. Let v be 0 - (0 + 0 + 8). Suppose x + 2*y + 3 = 0, -2 = -y - 6. Let a = v + x. Determine o(a).
-7
Let i(p) = 2*p + 9. Let n be (-3)/(-12) + 78/8. Let q(u) = -6*u - 28. Let z(h) = n*i(h) + 3*q(h). Determine z(-4).
-2
Let x(f) = 2*f**2 + f - 1. Let r be (-5)/((-125)/15) + (-4)/(-10). Determine x(r).
2
Let h(a) = -a**3 + 5*a**2 - 5*a - 4. Suppose 4*b - 10 = -8*p + 5*p, -5*b + 13 = 4*p. Let l be 2 + (6 - (2 - b)). Let x = -3 + l. What is h(x)?
-8
Suppose 0 = 2*l + 2*l - 8. Suppose 5*o = -2*v - 20, 5*v - l*o = -3 + 11. Let w(x) be the second derivative of x**3/6 + 2*x**2 - 2*x. What is w(v)?
4
Let b be (12/10)/(3/10). Let d(s) = -s + 1. Let u be d(b). Let g(z) = -2*z - 5 + 5*z**2 - 2*z**2 + z**3 + 1. What is g(u)?
2
Suppose g + 2*g + 3*b = 15, g + 2*b = 7. Let p(d) = d - 2. Suppose -5*u - 12 = 28. Let w(i) = -3*i + 5. Let n(x) = u*p(x) - 3*w(x). Calculate n(g).
4
Let f(d) be the first derivative of -5*d**2 + 15. Give f(-1).
10
Let o(y) be the first derivative of -y**2/2 + 2. Suppo